h.
5, 7, 953
List the prime factors of (-129210)/(-18) + (-14)/42.
2, 37, 97
Let v(l) = 6*l + 9. Let h be v(5). Suppose 7*c - 10 = h. List the prime factors of (1 + 274/(-10))/(c/(-35)).
2, 3, 11
Suppose -5*a = 2*a - 42. Suppose -a*l = -4*l + 122. List the prime factors of 1 + 2 + 6 + -6 - l.
2
Suppose 0 = 23*f - 19*f - 15052. Suppose 4*a - f = l, -l = 2*l - 3. What are the prime factors of a?
941
Let a = 245 - -1314. Let y = a - 1050. List the prime factors of y.
509
Suppose 24*k = 20*k + 8. Suppose 5*t + 242 = 3*p, -k*t + 29 + 48 = p. Suppose 13*o = 12*o + p. What are the prime factors of o?
79
What are the prime factors of (-7 - 2) + (54955 + -11)/1?
5, 10987
Let f = 3019 + 9076. What are the prime factors of f?
5, 41, 59
Let z(j) = j**2 + 5*j + 18. Suppose -5*k = -9 - 1. Let t be 0 + (k - 2) + -14. List the prime factors of z(t).
2, 3
What are the prime factors of -3 - ((8 - (5 - 4)*-1) + -74834)?
2, 11, 19, 179
Let x = 56 - 51. Suppose -5*q - c = 47 + 32, -x*q + c = 71. List the prime factors of (-150)/(-9)*q/(-2).
5
Let z(o) = 725*o**3 - 4*o**2 + 2*o. Let c be z(1). Let f = c + -405. What are the prime factors of f?
2, 3, 53
Let v(i) = 9*i**2 + 6*i**2 + 17*i**2 + i - 2. Let d be v(1). Let r = 20 + d. What are the prime factors of r?
3, 17
Let j = 24141 + -16540. List the prime factors of j.
11, 691
Let d(c) = 2*c**3 - 5*c**2 - 16*c + 83. Let w be d(-10). Let s = -1522 - w. List the prime factors of s.
3, 5, 7
Let x(z) = 8*z**2 + 94*z - 302. What are the prime factors of x(32)?
2, 5449
Let z be -2 + 46 + 2*2/4. Let m be 1 - ((-30)/z + 70/6). What are the prime factors of 15*2*(-3)/m - -1?
2, 5
Let g(n) be the first derivative of -1/3*n**3 + 1/2*n**2 - 13/4*n**4 + n - 1. List the prime factors of g(-1).
2, 3
Suppose 4*x = 3*k - 23907, -2*x + 31876 = 4*k - x. What are the prime factors of k?
13, 613
List the prime factors of 9065 + -7*(-7)/(-49) + 1.
5, 7, 37
Suppose 0 = 4519*t - 4532*t + 1287. Suppose -58 = 4*z + 222. Let u = t + z. List the prime factors of u.
29
Suppose -31*x - 9 = -28*x - 5*i, 8*i + 48 = -3*x. Let p(m) = 21 - 3*m - 6*m - 3. What are the prime factors of p(x)?
2, 3, 5
Suppose -5*u = -l - 26, 0 = 3*u - 6*l + 2*l - 19. Suppose u*d - 5*d = 2*d. Suppose d = q + 4*j - 113, -2*q + j + 170 = -38. List the prime factors of q.
3, 5, 7
Let a(q) = q**3 - 21*q**2 - 22*q + 18. Let p(k) = k + 10. Let x(n) = n**3 - 8*n**2 - 8*n + 3. Let c be x(9). Let f be p(c). What are the prime factors of a(f)?
2, 3
Suppose -2*p = p - 3*n + 315, -1 = n. Let l = p + 483. What are the prime factors of l?
13, 29
Suppose -2*t - 92 = -3*o + 39, 129 = 3*o - 3*t. Suppose 3*h - 6757 = -4*z, 42*z = o*z - 4*h - 5099. List the prime factors of z.
1693
Let m(j) = -64*j**2 - 2*j + 1. Let w be m(1). Let h = -69 - w. List the prime factors of 138 + (h - -3) + 0.
137
What are the prime factors of (-3)/(12/(-70))*(1102 + 1528)?
5, 7, 263
Suppose -24695 = -u + 4*i, 4*u = 6*u + 5*i - 49481. List the prime factors of u.
3, 41, 67
Let s = 96024 - 66384. List the prime factors of s.
2, 3, 5, 13, 19
Suppose 6*p = -0*p + 30. Suppose n + 11137 = -2*r - 2*r, 4*n - 13916 = p*r. What are the prime factors of (-20)/(-3)*r/(-80)?
2, 29
Suppose 5*v = 4*o - 29446, 5*o - 31986 = 4*v + 4835. What are the prime factors of o?
7369
Suppose -190*h + 98*h = -95*h + 11955. List the prime factors of h.
5, 797
Let z = 28885 - 15488. List the prime factors of z.
13397
Suppose 0 = 6*g + 4 - 16. Let y(r) = 1580 - 1568 - 8*r**g + r**3 + 3*r - 27*r. What are the prime factors of y(11)?
3, 37
Suppose 6*z - 60 = 3*z. Let b be 19/(-2)*z/2. What are the prime factors of (-10)/b - 1326/(-38)?
5, 7
Let s(o) = o**2 + 11*o + 10. Suppose 55 = 8*l - 17. What are the prime factors of s(l)?
2, 5, 19
Suppose 27*a + 23*a - 184980 - 10120 = 0. What are the prime factors of a?
2, 1951
Let b(r) = -r**2 - 6*r - 6. Let w be b(-5). Let g be ((-3 - 1)/4)/w. Suppose z = 3*q + 9, 2*q + g = 3*z - 12. What are the prime factors of z?
3
Let a(q) = 158*q - 1179. What are the prime factors of a(17)?
11, 137
Suppose 0 = -2*q - 1 + 1. Suppose l - 2*j + 5*j + 96 = q, 3*j + 339 = -4*l. Let c = l - -122. List the prime factors of c.
41
Let p = -4713 - -6649. What are the prime factors of p?
2, 11
Let l(y) = -36*y**3 + 10*y**2 + 4*y + 31. What are the prime factors of l(-7)?
12841
Suppose 0 = -3*u - u + 8. Suppose -4*a - 3*g - 2*g = -52, 2*a - 24 = -u*g. List the prime factors of (9/15)/(a/(-10))*-168.
2, 3, 7
Suppose 21 - 20 = y. Let o(t) = -61*t**3 + t**2 - 3*t + 2. Let m be o(y). Let a = m - -67. What are the prime factors of a?
2, 3
Let h = -3 + 6. Suppose -1230 = -2*o - h*o. Let g = -113 + o. What are the prime factors of g?
7, 19
Suppose 5*p - 2864 = -2*z + 2120, 5*z + 4*p - 12477 = 0. List the prime factors of z.
11, 227
Suppose -1045394 - 134744 = -66*q + 2068646. What are the prime factors of q?
2, 3, 7, 293
Let u = -2496 + 1394. List the prime factors of 3 - 1*(8 + u).
1097
Let g(j) = 201*j + 230. What are the prime factors of g(12)?
2, 1321
Suppose 183305 - 39733 = 52*b. What are the prime factors of b?
11, 251
Suppose -3*f = 2*d - 6, 19*f = 18*f + 3*d + 2. Suppose f*s + 4*q = 3*q + 950, -2*q - 4 = 0. What are the prime factors of s?
2, 7, 17
Let u be ((-54)/(-4))/3*6. Suppose 3*l + 2*h - 2987 = 0, u*l - 28*l + 973 = -5*h. List the prime factors of l.
3, 331
Let s be 16/56 - (1 + (-80)/14). Suppose 8 = 4*k, s*x = 3*k + 1237 + 732. List the prime factors of x.
5, 79
Suppose -d + 8301 = 3*l, -190*d + 8313 = -189*d - l. What are the prime factors of d?
2, 3, 5, 277
Suppose -5*a - 4*d + 444 = -4*a, -4*a + 1776 = -3*d. Suppose 8*v = 10*v - a. Suppose 4*s = -y + v, 3*y = 4*s + 585 + 145. What are the prime factors of y?
2, 7, 17
Let a be (-1)/12 + 1331/132. List the prime factors of (-15 + a)*338/(-5).
2, 13
Let b(h) be the second derivative of 0 + h + 3*h**2 - 5/6*h**3. What are the prime factors of b(-7)?
41
Suppose -10*i = 268 + 1722. Let q = 291 + i. List the prime factors of q.
2, 23
Let y(f) = 7*f**3 + 29*f**2 + 16*f + 196. What are the prime factors of y(15)?
2, 41, 373
Suppose -21*t + 55 = -16*t. Suppose 0 = t*c - 2529 - 155. List the prime factors of c.
2, 61
Let s(r) = 2*r**2 - 68*r - 59. Let o be s(35). Suppose -2409 = -o*h + 3641. What are the prime factors of h?
2, 5, 11
Let q(c) = 409*c**3 - c**2 - 5*c - 5. Let z be q(-1). Let f = -67 - z. List the prime factors of f.
7
Let n = -14073 + 23239. List the prime factors of n.
2, 4583
Suppose 5*v = o - 33 + 5, 0 = 3*v + 5*o + 28. Let a = v + 89. Suppose -456 = -a*k + 77*k. List the prime factors of k.
2, 19
Let w(j) = -25*j - 30. Let z be w(-12). Suppose 3*h - z = 2*h. Suppose -5*k + 0*k = -h. List the prime factors of k.
2, 3
Suppose -476*l + 461*l = -30990. What are the prime factors of l?
2, 1033
Suppose -75*x + 95*x = 25220. List the prime factors of x.
13, 97
Suppose 573642 - 1154686 = -146*x + 915456. What are the prime factors of x?
2, 5, 41
Suppose y - 8 = -4*i, -3*y = -3*i + 8 - 2. Suppose y = 29*m - 30*m + 303. What are the prime factors of m?
3, 101
Let z = 79 + -114. Let y = z + 26. What are the prime factors of ((-120)/y)/((-4)/(-30))?
2, 5
Suppose 4*o + 2*c - 58154 = 0, 2*c = 2*o - 40085 + 11023. List the prime factors of o.
2, 23, 79
Suppose -80*q - 132371 + 359811 = 0. List the prime factors of q.
2843
Let m be ((-221)/10 + 2/20)/(-2). Let x(v) = -v**3 + 13*v**2 - 10*v + 55. List the prime factors of x(m).
11, 17
Let a = 147 - 147. Suppose a = -2*i + 3*p - 6*p + 69, -126 = -3*i + 3*p. List the prime factors of i.
3, 13
Let k be 48/140*25*392/16. Let f be (-16)/(-1 - (-14)/12). Let l = k + f. List the prime factors of l.
2, 3, 19
Suppose -5*c + 17 = -v - v, -v - c - 5 = 0. Suppose -2*j + 26 = 3*l - 5*l, -3*l + 57 = 3*j. Let r = j - v. List the prime factors of r.
2, 11
Suppose -13 = -4*w + 3*i - 2*i, -i - 10 = -3*w. Let n(m) = 4*m**3 + 3*m**2 - 3*m - 6. Let g be n(w). What are the prime factors of 1 + g - (-8)/(-2)?
3, 13
Let w = -230 + 230. What are the prime factors of 195 - w/(-3) - -1?
2, 7
Let b be (-29 + 40)/(3/6). Let r(t) = 3*t**2 + 3*t + 5. Let x be r(-5). Let q = b + x. What are the prime factors of q?
3, 29
Let q be (-192)/(-32) + (2683 - 0). Suppose 4*h + 5*b = 7*h - q, 2*b + 3576 = 4*h. What are the prime factors of h?
19, 47
Let y(